 to base 9.
18
What is -10000 (base 2) in base 7?
-22
Convert 10101 (base 2) to base 9.
23
0 (base 15) to base 6
0
What is 0 (base 10) in base 4?
0
Convert -2 (base 7) to base 15.
-2
Convert 6 (base 16) to base 12.
6
0 (base 14) to base 12
0
-20 (base 3) to base 4
-12
Convert a9 (base 16) to base 2.
10101001
Convert 10000 (base 2) to base 7.
22
Convert -12 (base 6) to base 5.
-13
What is 4 (base 9) in base 4?
10
What is 0 (base 11) in base 14?
0
Convert -2 (base 4) to base 5.
-2
-3 (base 10) to base 6
-3
-22 (base 10) to base 6
-34
-5 (base 8) to base 4
-11
Convert 27 (base 8) to base 10.
23
What is 111100 (base 2) in base 15?
40
-110 (base 11) to base 15
-8c
-2 (base 16) to base 13
-2
3 (base 13) to base 8
3
-1111 (base 2) to base 13
-12
Convert -123 (base 8) to base 16.
-53
-1 (base 2) to base 6
-1
-89 (base 12) to base 2
-1101001
What is -3 (base 7) in base 12?
-3
-1001010 (base 2) to base 13
-59
Convert 0 (base 8) to base 9.
0
What is -10 (base 13) in base 15?
-d
-9 (base 10) to base 7
-12
1 (base 16) to base 4
1
146 (base 9) to base 2
1111011
-11 (base 5) to base 14
-6
What is 15 (base 15) in base 16?
14
23 (base 5) to base 3
111
7 (base 10) to base 7
10
What is -211 (base 3) in base 12?
-1a
What is -11a (base 11) in base 2?
-10001110
Convert -44 (base 9) to base 13.
-31
-15 (base 11) to base 14
-12
Convert 7 (base 12) to base 13.
7
What is -23 (base 7) in base 4?
-101
202 (base 3) to base 2
10100
What is 324 (base 5) in base 10?
89
What is 2 (base 11) in base 9?
2
12 (base 15) to base 5
32
What is -20 (base 3) in base 13?
-6
-8 (base 12) to base 9
-8
What is 4 (base 14) in base 8?
4
What is 50 (base 10) in base 6?
122
Convert -3 (base 10) to base 7.
-3
Convert 132 (base 5) to base 13.
33
Convert -8 (base 11) to base 5.
-13
What is -104 (base 9) in base 15?
-5a
-4e (base 16) to base 6
-210
0 (base 2) to base 3
0
a (base 13) to base 15
a
-100001 (base 2) to base 6
-53
Convert 2 (base 13) to base 9.
2
What is 3 (base 10) in base 8?
3
What is -12 (base 4) in base 11?
-6
-24 (base 8) to base 14
-16
What is 99 (base 11) in base 16?
6c
-2 (base 13) to base 10
-2
Convert -35 (base 13) to base 12.
-38
21 (base 3) to base 4
13
11 (base 3) to base 10
4
6 (base 13) to base 7
6
What is -1001 (base 5) in base 2?
-1111110
0 (base 5) to base 12
0
10 (base 7) to base 3
21
143 (base 9) to base 4
1320
-15 (base 6) to base 8
-13
What is 2 (base 8) in base 16?
2
What is 203 (base 4) in base 12?
2b
Convert 0 (base 12) to base 13.
0
Convert -11 (base 13) to base 10.
-14
What is 24 (base 9) in base 15?
17
Convert 1 (base 7) to base 6.
1
What is 22 (base 11) in base 13?
1b
What is -3 (base 7) in base 10?
-3
Convert 1 (base 2) to base 4.
1
0 (base 16) to base 15
0
-21 (base 12) to base 3
-221
What is 35 (base 10) in base 5?
120
-10100 (base 2) to base 6
-32
-12 (base 7) to base 2
-1001
Convert 100011 (base 2) to base 16.
23
151 (base 10) to base 7
304
What is -a7 (base 15) in base 5?
-1112
What is -3 (base 16) in base 3?
-10
Convert 11 (base 6) to base 4.
13
Convert 1010 (base 3) to base 6.
50
Convert -1 (base 8) to base 13.
-1
What is -3 (base 8) in base 4?
-3
Convert 11 (base 5) to base 14.
6
What is -5 (base 13) in base 4?
-11
Convert 1c (base 13) to base 5.
100
0 (base 5) to base 7
0
Convert 5 (base 13) to base 14.
5
26 (base 15) to base 11
33
Convert 12 (base 9) to base 6.
15
Convert -12 (base 13) to base 3.
-120
Convert -293 (base 11) to base 14.
-1a8
114 (base 7) to base 6
140
What is 224 (base 11) in base 10?
268
What is 67 (base 16) in base 8?
147
-1110 (base 3) to base 16
-27
-119 (base 12) to base 13
-c9
Convert -233 (base 9) to base 4.
-3000
Convert -8 (base 16) to base 4.
-20
335 (base 6) to base 9
155
Convert -140 (base 16) to base 14.
-18c
What is 0 (base 9) in base 5?
0
Convert -40 (base 14) to base 2.
-111000
What is -cf (base 16) in base 2?
-11001111
What is -34 (base 8) in base 2?
-11100
-16 (base 16) to base 15
-17
Convert 1b (base 12) to base 7.
32
What is 11 (base 2) in base 15?
3
What is 8 (base 10) in base 7?
11
What is 23 (base 12) in base 6?
43
Convert 0 (base 6) to base 8.
0
What is 12 (base 9) in base 7?
14
Convert -1 (base 7) to base 13.
-1
What is 0 (base 3) in base 2?
0
-75 (base 16) to base 12
-99
Convert -23 (base 13) to base 8.
-35
-231 (base 5) to base 12
-56
Convert -30 (base 9) to base 10.
-27
-10 (base 2) to base 7
-2
Convert 1232 (base 4) to base 10.
110
Convert -4 (base 7) to base 15.
-4
-149 (base 11) to base 5
-1144
What is -b (base 13) in base 7?
-14
Convert 31 (base 14) to base 6.
111
130 (base 6) to base 10
54
-304 (base 10) to base 3
-102021
a (base 11) to base 14
a
-3 (base 10) to base 11
-3
What is 141 (base 5) in base 14?
34
What is -4 (base 5) in base 15?
-4
-78 (base 14) to base 2
-1101010
Convert -36 (base 14) to base 7.
-66
What is 9 (base 16) in base 6?
13
-87 (base 9) to base 12
-67
What is -10 (base 14) in base 6?
-22
0 (base 7) to base 13
0
33 (base 14) to base 8
55
1 (base 12) to base 16
1
-8 (base 16) to base 7
-11
Convert 3 (base 10) to base 13.
3
What is -1 (base 14) in base 11?
-1
Convert -381 (base 9) to base 6.
-1244
Convert 26 (base 15) to base 7.
51
-100 (base 2) to base 11
-4
What is 5 (base 10) in base 13?
5
What is -234 (base 6) in base 2?
-1011110
Convert -1 (base 16) to base 7.
-1
Convert 22 (base 5) to base 6.
20
Convert -28 (base 13) to base 4.
-202
Convert -22 (base 14) to base 16.
-1e
Convert -100011 (base 2) to base 12.
-2b
Convert 5 (base 9) to base 11.
5
What is 6 (base 7) in base 9?
6
Convert 10 (base 2) to base 7.
2
Convert 28 (base 12) to base 16.
20
Convert -21 (base 7) to base 11.
-14
-4 (base 9) to base 2
-100
-5a (base 11) to base 10
-65
Convert 21 (base 12) to base 7.
34
What is -2 (base 5) in base 6?
-2
Convert 5 (base 16) to base 13.
5
Convert 2 (base 12) to base 7.
2
-123 (base 14) to base 7
-443
111 (base 12) to base 13
c1
20 (base 7) to base 10
14
Convert 12 (base 3) to base 12.
5
What is 178 (base 15) in base 10?
338
What is 11 (base 2) in base 10?
3
Convert 20 (base 7) to base 10.
14
4 (base 13) to base 5
4
113 (base 6) to base 4
231
What is 25 (base 13) in base 3?
1011
Convert 5 (base 6) to base 15.
5
Convert 6 (base 9) to base 5.
11
What is -2 (base 10) in base 3?
-2
What is 34 (base 10) in base 9?
37
203 (base 4) to base 14
27
-33 (base 9) to base 14
-22
What is 87 (base 11) in base 9?
115
Convert 9 (base 11) to base 15.
9
Convert -10d (base 16) to base 15.
-12e
What is -1 (base 16) in base 8?
-1
Convert 3 (base 13) to base 11.
3
-51 (base 9) to base 13
-37
What is 36 (base 10) in base 14?
28
Convert -3 (base 9) to base 11.
-3
-7 (base 8) to base 12
-7
Convert -101 (base 3) to base 13.
-a
35 (base 7) to base 12
22
-11 (base 5) to base 2
-110
What is 32 (base 4) in base 5?
24
-51 (base 13) to base 14
-4a
Convert -14 (base 8) to base 4.
-30
What is -21 (base 6) in base 9?
-14
Convert 43 (base 8) to base 10.
35
Convert 3 (base 4) to base 16.
3
What is -1 (base 14) in base 15?
-1
What is 1110 (base 2) in base 10?
14
What is -4 (base 11) in base 15?
-4
What is b (base 16) in base 12?
b
What is -11 (base 11) in base 3?
-110
What is 57 (base 9) in base 14?
3a
b (base 15) to base 6
15
What is -60 (base 10) in base 16?
-3c
2100 (base 3) to base 13
4b
What is 47 (base 9) in base 10?
43
1 (base 13) to base 12
1
201 (base 5) to base 15
36
Convert 11110 (base 3) to base 9.
143
Convert -3d (base 14) to base 12.
-47
What is 1 (base 16) in base 15?
1
4b (base 16) to base 4
1023
Convert -15 (base 14) to base 5.
-34
1 (base 13) to base 8
1
What is 5 (base 9) in base 6?
5
What is 10 (base 3) in base 10?
3
What is 22 (base 5) in base 8?
14
1 (base 6) to base 3
1
What is -1 (base 6) in base 11?
-1
0 (base 10) to base 4
0
What is 11 (base 8) in base 13?
9
Convert 2 (base 4) to base 6.
2
b (base 14) to base 2
1011
What is -3 (base 16) in base 11?
-3
-13 (base 8) to base 3
-102
Convert -13 (base 10) to base 8.
-15
Convert 2 (base 11) to base 4.
2
-12 (base 10) to base 13
-c
Convert 2b (base 14) to base 9.
43
1 (base 15) to base 9
1
b (base 12) to base 5
21
What is 2 (base 5) in base 7?
2
-10011 (base 2) to base 7
-25
5 (base 6) to base 5
10
Convert -2 (base 5) to base 7.
-2
-4 (base 8) to base 15
-4
What is d (base 16) in base 5?
23
5 (base 10) to base 6
5
What is 6 (base 10) in base 7?
